 and 192.
24
What is the greatest common divisor of 64 and 1576?
8
Calculate the greatest common factor of 119 and 255.
17
Calculate the highest common factor of 296 and 111.
37
Calculate the greatest common factor of 1260 and 2688.
84
What is the greatest common divisor of 78 and 86502?
78
What is the highest common divisor of 144 and 624?
48
What is the greatest common factor of 40 and 90?
10
Calculate the greatest common divisor of 1800 and 2808.
72
What is the greatest common factor of 34 and 136?
34
Calculate the greatest common divisor of 56 and 64.
8
What is the greatest common factor of 10816 and 64?
64
What is the highest common divisor of 45 and 150?
15
Calculate the highest common divisor of 126 and 294.
42
Calculate the greatest common divisor of 745 and 2384.
149
What is the greatest common factor of 564 and 1269?
141
Calculate the greatest common factor of 96 and 144.
48
What is the highest common divisor of 58 and 1363?
29
What is the highest common factor of 6561 and 27?
27
Calculate the highest common factor of 4775 and 25.
25
Calculate the greatest common divisor of 89 and 267.
89
Calculate the highest common factor of 611 and 376.
47
What is the greatest common divisor of 17 and 9673?
17
Calculate the highest common factor of 4 and 127.
1
Calculate the greatest common divisor of 5566 and 242.
242
What is the highest common factor of 5772 and 156?
156
Calculate the highest common factor of 27 and 10719.
27
Calculate the highest common divisor of 18378 and 18.
18
Calculate the highest common divisor of 1296 and 64.
16
Calculate the highest common factor of 1078 and 77.
77
Calculate the greatest common factor of 120 and 4.
4
Calculate the greatest common factor of 119 and 6239.
17
What is the highest common factor of 928 and 5858?
58
Calculate the highest common divisor of 189 and 243.
27
What is the greatest common divisor of 38 and 76?
38
What is the greatest common divisor of 403 and 13?
13
Calculate the highest common divisor of 2784 and 288.
96
Calculate the greatest common divisor of 3 and 299.
1
What is the highest common divisor of 117 and 78?
39
Calculate the greatest common factor of 192 and 36.
12
Calculate the greatest common divisor of 255 and 420.
15
Calculate the highest common divisor of 2560 and 10.
10
What is the greatest common divisor of 15929 and 17?
17
What is the highest common factor of 192 and 14?
2
Calculate the greatest common factor of 531 and 118.
59
Calculate the greatest common factor of 14 and 1729.
7
What is the greatest common divisor of 1394 and 738?
82
Calculate the greatest common divisor of 3665 and 20.
5
What is the greatest common divisor of 54 and 2?
2
Calculate the greatest common divisor of 35 and 640.
5
Calculate the highest common factor of 32 and 12.
4
Calculate the highest common divisor of 6 and 96.
6
Calculate the greatest common divisor of 56 and 322.
14
What is the highest common divisor of 32 and 1264?
16
What is the highest common factor of 116 and 4?
4
What is the greatest common factor of 6 and 5850?
6
What is the greatest common divisor of 20 and 1255?
5
Calculate the highest common divisor of 35 and 3815.
35
Calculate the greatest common factor of 4 and 14.
2
What is the highest common factor of 588 and 36?
12
Calculate the greatest common divisor of 1896 and 72.
24
Calculate the highest common divisor of 102 and 438.
6
What is the greatest common divisor of 16 and 1672?
8
Calculate the greatest common factor of 4018 and 98.
98
Calculate the greatest common factor of 7240 and 40.
40
Calculate the greatest common factor of 790 and 30.
10
Calculate the highest common divisor of 248 and 217.
31
Calculate the greatest common divisor of 15 and 15.
15
What is the highest common factor of 4738 and 92?
46
What is the highest common divisor of 42 and 1029?
21
What is the greatest common divisor of 88 and 7106?
22
Calculate the greatest common factor of 21 and 28.
7
Calculate the greatest common divisor of 686 and 14.
14
Calculate the highest common divisor of 13 and 247.
13
What is the highest common factor of 1885 and 580?
145
Calculate the highest common factor of 259 and 111.
37
Calculate the highest common divisor of 5 and 3785.
5
Calculate the highest common factor of 59 and 2537.
59
Calculate the highest common divisor of 512 and 25856.
256
Calculate the greatest common divisor of 2 and 3902.
2
What is the highest common factor of 3 and 2883?
3
What is the greatest common factor of 412 and 4?
4
What is the greatest common divisor of 105 and 30?
15
What is the highest common divisor of 284 and 4?
4
What is the greatest common divisor of 144 and 64?
16
Calculate the highest common divisor of 108 and 576.
36
Calculate the greatest common factor of 374 and 154.
22
What is the highest common divisor of 40 and 306?
2
What is the highest common factor of 455 and 35?
35
Calculate the highest common divisor of 87 and 16617.
87
Calculate the highest common divisor of 88 and 253.
11
What is the greatest common factor of 4212 and 1092?
156
What is the highest common divisor of 84 and 196?
28
Calculate the greatest common divisor of 352 and 11.
11
What is the greatest common factor of 1 and 787?
1
Calculate the greatest common factor of 32 and 288.
32
What is the greatest common factor of 8 and 116?
4
What is the greatest common factor of 25 and 5525?
25
What is the greatest common divisor of 95 and 16910?
95
Calculate the highest common divisor of 275 and 33.
11
Calculate the greatest common factor of 18 and 18.
18
What is the highest common divisor of 510 and 272?
34
Calculate the greatest common factor of 18 and 576.
18
What is the highest common factor of 5 and 353?
1
What is the highest common divisor of 667 and 207?
23
Calculate the highest common divisor of 11 and 1254.
11
Calculate the greatest common divisor of 5675 and 100.
25
What is the greatest common factor of 2527 and 931?
133
Calculate the greatest common factor of 100 and 160.
20
What is the greatest common divisor of 996 and 15?
3
What is the greatest common factor of 20240 and 11?
11
Calculate the greatest common factor of 1587 and 3.
3
Calculate the highest common divisor of 40 and 200.
40
What is the highest common divisor of 119 and 170?
17
What is the highest common factor of 7315 and 154?
77
What is the highest common factor of 72 and 2628?
36
What is the greatest common divisor of 215 and 10?
5
What is the highest common factor of 35 and 75?
5
What is the greatest common divisor of 216 and 44?
4
What is the greatest common factor of 15675 and 50?
25
Calculate the highest common divisor of 594 and 54.
54
Calculate the greatest common factor of 400 and 275.
25
Calculate the highest common divisor of 345 and 230.
115
What is the greatest common divisor of 4074 and 4947?
291
What is the highest common divisor of 1846 and 130?
26
Calculate the greatest common factor of 4 and 181.
1
Calculate the highest common divisor of 750 and 20.
10
What is the highest common factor of 84 and 12?
12
What is the greatest common divisor of 1836 and 324?
108
Calculate the greatest common factor of 8 and 520.
8
What is the highest common divisor of 88 and 4136?
88
Calculate the greatest common divisor of 812 and 112.
28
Calculate the highest common factor of 146 and 16498.
146
Calculate the greatest common factor of 2 and 10.
2
What is the highest common divisor of 100 and 158300?
100
Calculate the highest common divisor of 156 and 260.
52
What is the greatest common divisor of 21 and 861?
21
What is the greatest common divisor of 5014 and 414?
46
What is the highest common factor of 50 and 20?
10
Calculate the greatest common divisor of 33 and 693.
33
Calculate the highest common divisor of 580 and 3915.
145
Calculate the highest common divisor of 540 and 324.
108
Calculate the highest common divisor of 300 and 684.
12
What is the greatest common divisor of 20 and 7410?
10
What is the greatest common factor of 226 and 1017?
113
Calculate the greatest common divisor of 1131 and 174.
87
Calculate the greatest common factor of 361 and 171.
19
What is the highest common divisor of 106 and 2438?
106
What is the greatest common factor of 24 and 258?
6
What is the greatest common factor of 2795 and 325?
65
Calculate the highest common f